{"id":328,"date":"2023-12-18T16:26:20","date_gmt":"2023-12-18T15:26:20","guid":{"rendered":"https:\/\/www.facile.education\/?page_id=328"},"modified":"2023-12-22T12:49:13","modified_gmt":"2023-12-22T11:49:13","slug":"328-2","status":"publish","type":"page","link":"https:\/\/www.facile.education\/index.php\/328-2\/","title":{"rendered":"privacy"},"content":{"rendered":"<p>[et_pb_section fb_built=\u00a0\u00bb1&Prime; _builder_version=\u00a0\u00bb4.23.1&Prime; _module_preset=\u00a0\u00bbdefault\u00a0\u00bb global_colors_info=\u00a0\u00bb{}\u00a0\u00bb][et_pb_row _builder_version=\u00a0\u00bb4.23.1&Prime; _module_preset=\u00a0\u00bbdefault\u00a0\u00bb global_colors_info=\u00a0\u00bb{}\u00a0\u00bb][et_pb_column type=\u00a0\u00bb4_4&Prime; _builder_version=\u00a0\u00bb4.23.1&Prime; _module_preset=\u00a0\u00bbdefault\u00a0\u00bb global_colors_info=\u00a0\u00bb{}\u00a0\u00bb][et_pb_text _builder_version=\u00a0\u00bb4.23.1&Prime; _module_preset=\u00a0\u00bbdefault\u00a0\u00bb global_colors_info=\u00a0\u00bb{}\u00a0\u00bb]<\/p>\n<div class=\"main\">\n<div class=\"entry\">\n<h1>\u00a0Vos donn\u00e9es personnelles sont importantes et priv\u00e9es !<\/h1>\n<p>&nbsp;<\/p>\n<h2>DONN\u00c9ES A CARACT\u00c8RE PERSONNEL TRAIT\u00c9ES<\/h2>\n<p>Facile.Education traite les informations suivantes vous concernant :<\/p>\n<ul>\n<li>Civilit\u00e9, nom, pr\u00e9nom, pseudonyme, date de naissance (facultative)<\/li>\n<li>Fonction, \u00e9tablissement de rattachement<\/li>\n<li>Adresse de courrier \u00e9lectronique<\/li>\n<li>Classe, cours et emplois du temps des usagers<\/li>\n<li>Tout fichier, message et contenu cr\u00e9\u00e9 ou d\u00e9pos\u00e9 dans Facile.Education<\/li>\n<\/ul>\n<h2>COLLECTE DE DONN\u00c9ES PERSONNELLES<\/h2>\n<p>L\u2019application Facile.Education ne collecte aucune donn\u00e9es personnelles.<\/p>\n<p>Les donn\u00e9es \u00e0 caract\u00e8re personnel sont transmises par l\u2019\u00e9tablissement ou l\u2019organisation pour le bon fonctionnement de l\u2019application.<\/p>\n<h2>UTILISATION DES DONN\u00c9ES \u00c0 CARACT\u00c8RE PERSONNEL<\/h2>\n<p>Facile.Education utilise vos donn\u00e9es \u00e0 caract\u00e8re personnel aux fins suivantes :<\/p>\n<ul>\n<li><strong>Cr\u00e9ation de votre r\u00e9seau \u00e9ducatif dans Facile.Education<br \/><\/strong><\/li>\n<\/ul>\n<p style=\"padding-left: 40px;\">Facile.Education utilise les donn\u00e9es \u00e0 caract\u00e8re personnel pour construire et alimenter correctement le r\u00e9seau \u00e9ducatif de l\u2019\u00e9tablissement.<\/p>\n<ul>\n<li><strong>L\u2019assistance utilisateur\u00a0<\/strong><\/li>\n<\/ul>\n<p style=\"padding-left: 40px;\">Lorsque vous envoyez une demande de support utilisateur par Facile.Education, vos donn\u00e9es personnelles (pr\u00e9nom, nom et profil) peuvent \u00eatre utilis\u00e9es traiter votre demande d\u2019assistance et vous r\u00e9pondre.<\/p>\n<ul>\n<li><b>Respect de nos obligations l\u00e9gales et protection de nos int\u00e9r\u00eats l\u00e9gitimes<\/b><br \/>Facile.Education peut utiliser vos donn\u00e9es personnelles dans le cadre du respect des proc\u00e9dures l\u00e9gales et de ses droits \u00e0 se prot\u00e9ger de tous pr\u00e9judices que Facile.Education pourrait subir. Fondement juridique du traitement : respect de nos obligations et de notre protection l\u00e9gales.<\/li>\n<\/ul>\n<h2>DESTINATAIRES DE VOS DONN\u00c9ES \u00c0 CARACT\u00c8RE PERSONNEL<\/h2>\n<p>Facile.Education est le seul destinataire de vos donn\u00e9es. Aucune information personnelle n\u2019est c\u00e9d\u00e9e \u00e0 des tiers en dehors d&rsquo;\u00e9ventuelles proc\u00e9dures l\u00e9gales.<\/p>\n<h2>H\u00c9BERGEMENT DES DONN\u00c9ES<\/h2>\n<p style=\"text-align: justify;\">Les serveurs sont h\u00e9berg\u00e9s dans le pays ou le projet est d\u00e9ploy\u00e9. Chacun de ces sites d\u2019h\u00e9bergement respecte le niveau d\u2019engagements n\u00e9cessaire pour garantir la confidentialit\u00e9 des donn\u00e9es du RGPD. Ces sites sont \u00e0 minima certifi\u00e9s ISO 27001.<\/p>\n<h2>VOS DROITS SUR VOS DONN\u00c9ES<\/h2>\n<p>Conform\u00e9ment \u00e0 la r\u00e9glementation europ\u00e9enne no 2016\/679 dite R\u00e8glement G\u00e9n\u00e9ral sur la Protection des Donn\u00e9es, vous disposez d\u2019un droit d\u2019acc\u00e8s, de modification et de suppression des donn\u00e9es qui vous concernent. Ce droit s\u2019exerce par mail \u00e0 l\u2019adresse : privacy@facile.education.<\/p>\n<h2>DUR\u00c9E DE CONSERVATION<\/h2>\n<p>Facile.Education ne conserve vos donn\u00e9es personnelles que pour la dur\u00e9e n\u00e9cessaire l\u00e9gale \u00e0 la fourniture des services auxquels vous souscrivez.<\/p>\n<h2>DROIT APPLICABLE<\/h2>\n<p>En cas de litige, le droit du pays dans lequel le contrat est sign\u00e9 est applicable. Il est fait attribution exclusive de juridiction aux tribunaux locaux comp\u00e9tents.<\/p>\n<\/div>\n<\/div>\n<p>[\/et_pb_text][\/et_pb_column][\/et_pb_row][\/et_pb_section]<\/p>\n","protected":false},"excerpt":{"rendered":"<p>\u00a0Vos donn\u00e9es personnelles sont importantes et priv\u00e9es ! &nbsp; DONN\u00c9ES A CARACT\u00c8RE PERSONNEL TRAIT\u00c9ES Facile.Education traite les informations suivantes vous concernant : Civilit\u00e9, nom, pr\u00e9nom, pseudonyme, date de naissance (facultative) Fonction, \u00e9tablissement de rattachement Adresse de courrier \u00e9lectronique Classe, cours et emplois du temps des usagers Tout fichier, message et contenu cr\u00e9\u00e9 ou d\u00e9pos\u00e9 dans [&hellip;]<\/p>\n","protected":false},"author":1,"featured_media":0,"parent":0,"menu_order":0,"comment_status":"closed","ping_status":"closed","template":"","meta":{"_et_pb_use_builder":"on","_et_pb_old_content":"","_et_gb_content_width":"","footnotes":""},"class_list":["post-328","page","type-page","status-publish","hentry"],"yoast_head":"<!-- This site is optimized with the Yoast SEO plugin v27.4 - https:\/\/yoast.com\/product\/yoast-seo-wordpress\/ -->\n<title>privacy - Facile.Education<\/title>\n<meta name=\"robots\" content=\"index, follow, max-snippet:-1, max-image-preview:large, max-video-preview:-1\" \/>\n<link rel=\"canonical\" href=\"https:\/\/www.facile.education\/index.php\/328-2\/\" \/>\n<meta property=\"og:locale\" content=\"fr_FR\" \/>\n<meta property=\"og:type\" content=\"article\" \/>\n<meta property=\"og:title\" content=\"privacy - Facile.Education\" \/>\n<meta property=\"og:description\" content=\"\u00a0Vos donn\u00e9es personnelles sont importantes et priv\u00e9es ! &nbsp; DONN\u00c9ES A CARACT\u00c8RE PERSONNEL TRAIT\u00c9ES Facile.Education traite les informations suivantes vous concernant : Civilit\u00e9, nom, pr\u00e9nom, pseudonyme, date de naissance (facultative) Fonction, \u00e9tablissement de rattachement Adresse de courrier \u00e9lectronique Classe, cours et emplois du temps des usagers Tout fichier, message et contenu cr\u00e9\u00e9 ou d\u00e9pos\u00e9 dans [&hellip;]\" \/>\n<meta property=\"og:url\" content=\"https:\/\/www.facile.education\/index.php\/328-2\/\" \/>\n<meta property=\"og:site_name\" content=\"Facile.Education\" \/>\n<meta property=\"article:modified_time\" content=\"2023-12-22T11:49:13+00:00\" \/>\n<meta name=\"twitter:card\" content=\"summary_large_image\" \/>\n<meta name=\"twitter:label1\" content=\"Dur\u00e9e de lecture estim\u00e9e\" \/>\n\t<meta name=\"twitter:data1\" content=\"3 minutes\" \/>\n<script type=\"application\/ld+json\" class=\"yoast-schema-graph\">{\"@context\":\"https:\\\/\\\/schema.org\",\"@graph\":[{\"@type\":\"WebPage\",\"@id\":\"https:\\\/\\\/www.facile.education\\\/index.php\\\/328-2\\\/\",\"url\":\"https:\\\/\\\/www.facile.education\\\/index.php\\\/328-2\\\/\",\"name\":\"privacy - Facile.Education\",\"isPartOf\":{\"@id\":\"https:\\\/\\\/www.facile.education\\\/#website\"},\"datePublished\":\"2023-12-18T15:26:20+00:00\",\"dateModified\":\"2023-12-22T11:49:13+00:00\",\"breadcrumb\":{\"@id\":\"https:\\\/\\\/www.facile.education\\\/index.php\\\/328-2\\\/#breadcrumb\"},\"inLanguage\":\"fr-FR\",\"potentialAction\":[{\"@type\":\"ReadAction\",\"target\":[\"https:\\\/\\\/www.facile.education\\\/index.php\\\/328-2\\\/\"]}]},{\"@type\":\"BreadcrumbList\",\"@id\":\"https:\\\/\\\/www.facile.education\\\/index.php\\\/328-2\\\/#breadcrumb\",\"itemListElement\":[{\"@type\":\"ListItem\",\"position\":1,\"name\":\"Home\",\"item\":\"https:\\\/\\\/www.facile.education\\\/\"},{\"@type\":\"ListItem\",\"position\":2,\"name\":\"privacy\"}]},{\"@type\":\"WebSite\",\"@id\":\"https:\\\/\\\/www.facile.education\\\/#website\",\"url\":\"https:\\\/\\\/www.facile.education\\\/\",\"name\":\"Facile.Education\",\"description\":\"Votre r\u00e9seau scolaire sur-mesure\",\"publisher\":{\"@id\":\"https:\\\/\\\/www.facile.education\\\/#organization\"},\"potentialAction\":[{\"@type\":\"SearchAction\",\"target\":{\"@type\":\"EntryPoint\",\"urlTemplate\":\"https:\\\/\\\/www.facile.education\\\/?s={search_term_string}\"},\"query-input\":{\"@type\":\"PropertyValueSpecification\",\"valueRequired\":true,\"valueName\":\"search_term_string\"}}],\"inLanguage\":\"fr-FR\"},{\"@type\":\"Organization\",\"@id\":\"https:\\\/\\\/www.facile.education\\\/#organization\",\"name\":\"Facile.Education\",\"url\":\"https:\\\/\\\/www.facile.education\\\/\",\"logo\":{\"@type\":\"ImageObject\",\"inLanguage\":\"fr-FR\",\"@id\":\"https:\\\/\\\/www.facile.education\\\/#\\\/schema\\\/logo\\\/image\\\/\",\"url\":\"https:\\\/\\\/www.facile.education\\\/wp-content\\\/uploads\\\/2023\\\/11\\\/logo.svg\",\"contentUrl\":\"https:\\\/\\\/www.facile.education\\\/wp-content\\\/uploads\\\/2023\\\/11\\\/logo.svg\",\"width\":230,\"height\":62,\"caption\":\"Facile.Education\"},\"image\":{\"@id\":\"https:\\\/\\\/www.facile.education\\\/#\\\/schema\\\/logo\\\/image\\\/\"}}]}<\/script>\n<!-- \/ Yoast SEO plugin. -->","yoast_head_json":{"title":"privacy - Facile.Education","robots":{"index":"index","follow":"follow","max-snippet":"max-snippet:-1","max-image-preview":"max-image-preview:large","max-video-preview":"max-video-preview:-1"},"canonical":"https:\/\/www.facile.education\/index.php\/328-2\/","og_locale":"fr_FR","og_type":"article","og_title":"privacy - Facile.Education","og_description":"\u00a0Vos donn\u00e9es personnelles sont importantes et priv\u00e9es ! &nbsp; DONN\u00c9ES A CARACT\u00c8RE PERSONNEL TRAIT\u00c9ES Facile.Education traite les informations suivantes vous concernant : Civilit\u00e9, nom, pr\u00e9nom, pseudonyme, date de naissance (facultative) Fonction, \u00e9tablissement de rattachement Adresse de courrier \u00e9lectronique Classe, cours et emplois du temps des usagers Tout fichier, message et contenu cr\u00e9\u00e9 ou d\u00e9pos\u00e9 dans [&hellip;]","og_url":"https:\/\/www.facile.education\/index.php\/328-2\/","og_site_name":"Facile.Education","article_modified_time":"2023-12-22T11:49:13+00:00","twitter_card":"summary_large_image","twitter_misc":{"Dur\u00e9e de lecture estim\u00e9e":"3 minutes"},"schema":{"@context":"https:\/\/schema.org","@graph":[{"@type":"WebPage","@id":"https:\/\/www.facile.education\/index.php\/328-2\/","url":"https:\/\/www.facile.education\/index.php\/328-2\/","name":"privacy - Facile.Education","isPartOf":{"@id":"https:\/\/www.facile.education\/#website"},"datePublished":"2023-12-18T15:26:20+00:00","dateModified":"2023-12-22T11:49:13+00:00","breadcrumb":{"@id":"https:\/\/www.facile.education\/index.php\/328-2\/#breadcrumb"},"inLanguage":"fr-FR","potentialAction":[{"@type":"ReadAction","target":["https:\/\/www.facile.education\/index.php\/328-2\/"]}]},{"@type":"BreadcrumbList","@id":"https:\/\/www.facile.education\/index.php\/328-2\/#breadcrumb","itemListElement":[{"@type":"ListItem","position":1,"name":"Home","item":"https:\/\/www.facile.education\/"},{"@type":"ListItem","position":2,"name":"privacy"}]},{"@type":"WebSite","@id":"https:\/\/www.facile.education\/#website","url":"https:\/\/www.facile.education\/","name":"Facile.Education","description":"Votre r\u00e9seau scolaire sur-mesure","publisher":{"@id":"https:\/\/www.facile.education\/#organization"},"potentialAction":[{"@type":"SearchAction","target":{"@type":"EntryPoint","urlTemplate":"https:\/\/www.facile.education\/?s={search_term_string}"},"query-input":{"@type":"PropertyValueSpecification","valueRequired":true,"valueName":"search_term_string"}}],"inLanguage":"fr-FR"},{"@type":"Organization","@id":"https:\/\/www.facile.education\/#organization","name":"Facile.Education","url":"https:\/\/www.facile.education\/","logo":{"@type":"ImageObject","inLanguage":"fr-FR","@id":"https:\/\/www.facile.education\/#\/schema\/logo\/image\/","url":"https:\/\/www.facile.education\/wp-content\/uploads\/2023\/11\/logo.svg","contentUrl":"https:\/\/www.facile.education\/wp-content\/uploads\/2023\/11\/logo.svg","width":230,"height":62,"caption":"Facile.Education"},"image":{"@id":"https:\/\/www.facile.education\/#\/schema\/logo\/image\/"}}]}},"_links":{"self":[{"href":"https:\/\/www.facile.education\/index.php\/wp-json\/wp\/v2\/pages\/328","targetHints":{"allow":["GET"]}}],"collection":[{"href":"https:\/\/www.facile.education\/index.php\/wp-json\/wp\/v2\/pages"}],"about":[{"href":"https:\/\/www.facile.education\/index.php\/wp-json\/wp\/v2\/types\/page"}],"author":[{"embeddable":true,"href":"https:\/\/www.facile.education\/index.php\/wp-json\/wp\/v2\/users\/1"}],"replies":[{"embeddable":true,"href":"https:\/\/www.facile.education\/index.php\/wp-json\/wp\/v2\/comments?post=328"}],"version-history":[{"count":5,"href":"https:\/\/www.facile.education\/index.php\/wp-json\/wp\/v2\/pages\/328\/revisions"}],"predecessor-version":[{"id":341,"href":"https:\/\/www.facile.education\/index.php\/wp-json\/wp\/v2\/pages\/328\/revisions\/341"}],"wp:attachment":[{"href":"https:\/\/www.facile.education\/index.php\/wp-json\/wp\/v2\/media?parent=328"}],"curies":[{"name":"wp","href":"https:\/\/api.w.org\/{rel}","templated":true}]}}